 0 = l - m - 21. Let o(k) = -l + 1 - 14 + 1 + 2 + k. Give o(0).
-28
Let f(w) be the third derivative of w**5/60 - 25*w**4/24 + 13*w**3 + 2*w**2 - 252. What is f(4)?
-6
Let x(c) = -c**2 - 19*c + 44. Suppose 24*d - 15*d = 109*d + 2100. Calculate x(d).
2
Let b = 293 + -303. Suppose 0 = -h + 2*h - 10. Let l = b + h. Let o(k) = -k**2 + k + 7. Give o(l).
7
Let l(k) = k**2 - 9*k**2 + 27 + 2*k**3 - k**3 - 44 + 16*k + 1. Calculate l(6).
8
Suppose -128*c - 91 + 219 = 0. Let n(y) = 45*y**3 + y**2 + y - 1. Give n(c).
46
Let x be (5 + 26)*1/1. Let s = -29 + x. Let o(l) = -60*l**s + 25*l**2 + 25*l**2 + 3 + l**3 - 8*l + 16*l**2. Give o(-7).
10
Let s = 498 + -466. Let h(p) = -p**2 + 27*p + 155. Let i be h(s). Let q(k) = k**2 + 5*k + 7. Calculate q(i).
7
Let a be 10/25*(-2 + 7). Let z(t) = -4*t - 4. Let r(m) = -m - 1. Let u be 6/(-21) - (2 - 183/(-21)). Let n(v) = a*z(v) + u*r(v). Calculate n(3).
12
Let v = -103 - -106. Suppose a = 2*m, a - 8 = v*m - 5*m. Let f(w) = -3*w + 3*w + 9*w - 4*w + 1 - 3*w**2. Give f(a).
-27
Let f = 327 + -261. Let v(a) = 2*a**2 - f*a - a**2 + 31*a + 37*a. What is v(-2)?
0
Let c(v) = 0*v - 4 + 0 - v. Let m(o) = 7*o**2 + 9*o + 9. Let s be m(-6). Let t = s - 211. What is c(t)?
0
Suppose -v - 1 = -8. Let q(a) = -2 - 2*a - 24 + 10 + 4 + 6. What is q(v)?
-20
Let z(m) be the second derivative of -m**5/4 - m**4/4 - m**3/3 - m + 411. Determine z(2).
-56
Let r(h) be the first derivative of h**2/2 - 3*h + 36747. Let m(t) = 3*t + 6. Let w be m(-5). Calculate r(w).
-12
Let a(c) be the third derivative of -c**5/60 + c**4/3 - c**2 - 30*c - 415. Let o be 1 + 5 + 1 + 0. What is a(o)?
7
Let j(b) = -b**2 + 3*b + 7. Let q be j(5). Let z be (8/1 + q)/(-1 - -2). Let k(t) = 13 - 32 + 20 + z*t. Give k(1).
6
Let v(r) = -2*r**2 + 54*r - 112. Let g be v(2). Let s(j) = -j**2 - 14*j - 10. Determine s(g).
14
Suppose 4*m = -5*r + 219, -5*m - 94 + 331 = r. Let i(h) = 3*h**3 - 137*h**2 - 46*h - 3. Determine i(m).
-3
Suppose 2*f - 3*i = 6, -f - i + 12 = 9. Let z(l) = 3*l**3 + 138 - 5*l**3 - 126 - l**2 - l + l**f. Calculate z(0).
12
Let a = 110 - 116. Suppose 24 = 2*l + 10. Let q(g) = 8 - 5*g - l*g**2 - g**3 - 2*g**2 + 2*g**2. What is q(a)?
2
Let m(p) = 3*p - p + 12 - 9. Let g = -2443 + 2449. Calculate m(g).
15
Let v(i) be the second derivative of -i**5/20 - 2*i**4/3 - 2*i**3 + i**2/2 + 12*i. Suppose 4*l - 4*f = -f - 24, -3*f = 0. Calculate v(l).
1
Let l(g) = g - 5. Let d(u) = -17*u - 9 - 25*u - 13*u + 57*u. Suppose 0 = -5*a - 20. Let r(i) = a*d(i) + 7*l(i). What is r(-7)?
8
Let x = 13775 + -13788. Let s(t) = -8*t - 28. Determine s(x).
76
Let a(w) = 6*w**2 + 15*w + 5. Let t be a(-6). Let r = t - 63. Let y = -63 + r. Let h(x) = -x**2 + 2*x. Calculate h(y).
-15
Let s(z) = -z**3 + 6*z**2 + 5*z + 10. Let r be s(7). Let g = -56 - -63. Let v(u) = u**2 - 8*u**3 + g*u**3 - 5*u**2 + u. Give v(r).
-4
Suppose 10 = -5*c, 14*c - 11*c - 129 = -5*y. Let l(i) = 2*i - 74. Determine l(y).
-20
Let h(i) = -i**2 - 4*i + 6. Let r = -10 - -3. Let q(x) = 4*x + 27832*x**2 - 27831*x**2 - 4 - 1. Let m(o) = r*q(o) - 6*h(o). What is m(-6)?
-13
Let l = -7910 - -7928. Let f(s) = -s**2 + 15*s + 9. Determine f(l).
-45
Let f(q) be the second derivative of q**5/20 - 5*q**4/6 - 11*q**3/6 + 7*q**2/2 + 109*q - 3. Calculate f(11).
7
Let f(v) = 7*v + 1. Suppose 7*x - 4 = 3. Let w = 24 - x. Let k = -21 + w. Calculate f(k).
15
Let w(s) = -14*s**3 + 2*s**2 + 21*s - 4. Let a(o) = -12*o**3 + 16*o - 3. Let p(l) = -3*a(l) + 2*w(l). Determine p(1).
7
Let c(w) = w**3 - 6*w**2 - w - 7. Let j = -33394 - -33400. Give c(j).
-13
Let t(g) = g - 6. Suppose -2*x - x + 15 = 0. Suppose 16 = x*f - 29. Suppose f*u = 7*u. Give t(u).
-6
Let p be (1/(-5))/((-12)/300). Let q(j) = -6*j**2 + j - j - j**3 + p - 3*j**2 - 7*j - 6*j. Give q(-7).
-2
Let g = 362 + -359. Let w(k) = -k - 249 - g*k**3 + 2*k**3 - k**2 + 125 + 130. Calculate w(0).
6
Let u = 76 + -46. Let i(t) = -59 + 2*t - u + 85. What is i(9)?
14
Let l(i) = -i**3 + 5*i**2 + i - 2. Let g = 61 + -56. Let t be l(g). Let q be -1 - -2 - (0 - t). Let m(a) = -a**3 + 3*a**2 + 6*a - 2. Give m(q).
6
Let s(l) = 5*l**3 + 23*l**2 + 6*l - 8. Let r(b) = -11*b**3 - 53*b**2 - 12*b + 17. Let c(d) = -4*r(d) - 9*s(d). Let f be ((99/6)/11)/((-3)/(-10)). Give c(f).
-26
Let n(l) = -14*l + 21. Let s(r) = -6*r + 10. Let a(y) = -4*n(y) + 10*s(y). Let f be a(6). Let h(q) = q - 3. What is h(f)?
-11
Let u(r) = 9*r + 99. Let w(x) = -15*x - 103. Let d(p) = -3*u(p) - 2*w(p). Calculate d(33).
8
Let p be ((-371)/(-106))/(((-2)/8)/(7/14)). Let i(m) = -7*m**2 - 11*m + 1. Let n(t) = -20*t**2 - 32*t + 3. Let f(w) = 17*i(w) - 6*n(w). Give f(p).
13
Let h(z) be the second derivative of -3*z**5/20 + z**3/6 - z**2/2 - 15942*z. Let d be (1 - (0 - 0)) + 0. Calculate h(d).
-3
Let p(s) = -3*s**3 + 3*s**2 + 7*s - 10. Suppose -122*l - 102 = 72*l - 684. What is p(l)?
-43
Suppose 39 = -6*h + 171. Let f be (-1477)/77 - (-4)/h. Let d(z) = -z - 16. Let t be d(f). Let s(a) = -a - 1. Give s(t).
-4
Let w(o) = o - 4 + 0*o - 4*o**2 + 5*o**2. Let m = 662 - 447. Let c = 211 - m. Determine w(c).
8
Let r be 20/8*(-10)/(-25). Let s = 1 + r. Suppose -s*y + 1 - 5 = 0. Let m(x) = x**2 + x - 2. What is m(y)?
0
Let q(x) = x**3 + 4*x**2 + 4*x + 2. Let b(t) = 2*t - 3. Let g(v) = b(v) - q(v). Give g(-3).
-8
Let q(z) = -z**3 - z**2 + z + 1. Let a(s) = -2*s**3 - 9*s**2 + 10*s - 3. Let m(p) = a(p) - 3*q(p). Suppose 17*w - 15*w = 2*u - 20, 4*w + 20 = 0. Determine m(u).
4
Let u(t) = 3 - t + 25 + 0*t. Let m(r) = 22301*r + 200729. Let j be m(-9). Give u(j).
8
Let t = 43323 - 43317. Let v(d) be the first derivative of -d**2/2 + 6*d + 1. What is v(t)?
0
Let p be 0*-5*19/190. Let r(i) be the second derivative of 8*i - 1/6*i**3 - 1/2*i**2 - 1/4*i**4 + p. What is r(-2)?
-11
Let o(h) be the first derivative of h**3/3 + 9*h**2/2 - 7*h + 815. Give o(-7).
-21
Let h(t) = -t**3 + 6*t**2 - 4*t - 3. Let z(i) = i**3 - i**2 - 7*i + 4. Let l be z(3). Let f be (-4 - l)*1034/55. Let n be (-6)/27 - f/18. Give h(n).
2
Suppose 266*v + 3420 = 76*v. Let q(l) = 10*l + 174. Give q(v).
-6
Let a be (-34)/(-3) + 18/27. Suppose -13*h = -15*h + a. Suppose -3*c = -2*c - h. Let m(y) = 2*y - 8. What is m(c)?
4
Let h(l) = -2*l + l - 4 + 3. Let m(k) = -162*k**2 + 3*k - 3. Let i be m(1). Let g = i - -162. Determine h(g).
-1
Let y(a) be the first derivative of 19*a**2/2 - 129*a - 134. Let l be y(7). Let u(g) = g**2 - 1. Give u(l).
15
Let q(a) = 8 - 130*a**3 + 264*a**3 - 5*a**2 + 8*a - 3*a**2 - 133*a**3. Give q(7).
15
Let q(d) = -5*d + 1. Suppose -2*t + c + 8 = 0, -11*t + 9*t - 4*c = -28. Calculate q(t).
-29
Let m(n) = -10*n - 19 + 25 - 6*n**2 - 3*n**2. Let b(d) = 5*d**2 + 5*d - 3. Let w(t) = 11*b(t) + 6*m(t). Suppose -5*h = -u - 18, -6*h - 4*u = -h - 3. Give w(h).
-3
Let y(p) = -p**3 - 3*p**2 - 3*p + 3. Let j(u) = -25*u - 1622. Let b be j(-65). What is y(b)?
-60
Let v(i) = -4*i - 60. Let s(p) = 18*p + 239. Let q(x) = -6*s(x) - 25*v(x). Calculate q(10).
-14
Let m(o) = o**3 - o**2 - o - 1. Let p(v) = -3*v**3 + 7*v**2 + 7. Let s(w) = 2*m(w) + p(w). Let t be -7*1*(-4)/(-6)*621/(-966). What is s(t)?
17
Let b(r) = 4*r**2 + r - 26. Let q(g) = 4*g**2 + g - 19. Let n(x) = 2*b(x) - 3*q(x). Determine n(-4).
-55
Let r be (-78 - (-3 + 5)) + -1 + -4. Let o be (-1*r/30 + -3)*6. Let f(t) = -7*t**2. Calculate f(o).
-7
Let g(z) be the first derivative of -z**3/3 - 2*z**2 - 3*z - 7. Suppose -33*j - 225 = 12*j. Determine g(j).
-8
Let a(h) = -7*h - 2. Let u(d) = -2*d**2 - 7*d + 867. Let w be u(19). Calculate a(w).
-86
Let w(m) be the second derivative of 2*m**3/3 + 11*m**2/2 - 115*m. Let u be w(-2). Let i(l) = l**2 + 2*l - 7. Give i(u).
8
Let c be 228/18 - (-3)/9. Let d(p) = 2*p**2 + c*p**2 + p**2 - 2*p - 10*p**2 - 1. What is d(-1)?
7
Suppose -4*s = -2*t - 16, 2*t - 5*s = -3*s - 8. Let x(k) = t*k - 6*k + 5*k + 1 - 16*k**3 + 2*k. What is x(-1)?
16
Let z(y) be the first derivative of 9*y**2/2 - 245*y - 1739. What is z(28)?
7
Let b be (-376)/(-6204) + 2/(-33). Let l(d) be the second derivative of b + 7*d - 1/6*d**3 + 4*d**2. What is l(11)?
-3
Suppose 14*r = 16*r + 2. Let z(p) = -4*p**2 + 19*p - 10. Let d(n) = -n**2 + 2*n - 1. Let c(g) = r*z(g) + 3*d(g). Give c(12).
-5
Let o(h) = 3*h - 65. Suppose 64*f - 291 = 18*f + 629. Calculate o(f).
-5
Suppose 32 = 4*h - 5*l - 19, -30 = -5*h - 5*l. Let q(d) be the first d